{"id":3076,"date":"2024-06-04T14:33:48","date_gmt":"2024-06-04T12:33:48","guid":{"rendered":"https:\/\/swiss-height-system.heig-vd.ch\/?page_id=3076"},"modified":"2023-11-09T11:48:12","modified_gmt":"2023-11-09T10:48:12","slug":"video1-de","status":"publish","type":"page","link":"https:\/\/swiss-height-system.heig-vd.ch\/?page_id=3076&lang=de","title":{"rendered":"video1-DE"},"content":{"rendered":"\n<figure class=\"wp-block-embed is-type-video is-provider-youtube wp-block-embed-youtube wp-embed-aspect-16-9 wp-has-aspect-ratio\"><div class=\"wp-block-embed__wrapper\">\n<iframe loading=\"lazy\" title=\"Sensibilisierungsvideo 1 : Beweggr\u00fcnde f\u00fcr das Projekt swiss height system\" width=\"720\" height=\"405\" src=\"https:\/\/www.youtube.com\/embed\/SjZYeJqjW3o?feature=oembed\" frameborder=\"0\" allow=\"accelerometer; autoplay; clipboard-write; encrypted-media; gyroscope; picture-in-picture; web-share\" allowfullscreen><\/iframe>\n<\/div><\/figure>\n\n\n\n<h2 class=\"wp-block-heading\"><strong>Sensibilisierungsvideo 1: Beweggr\u00fcnde f\u00fcr das Projekt <em>swiss height system<\/em><\/strong><\/h2>\n\n\n\n<p>00:00 &#8211; Einleitung<br>00:45 &#8211; Interview mit Hanspeter Hodel: Gew\u00e4sserbewirtschaftung und H\u00f6he<br>01:35 &#8211; Interview mit Andreas Schlatter: Urspr\u00fcge der H\u00f6he in der Schweiz<br>03:20 &#8211; Interview mit Markus Rothacher: Bestimmung einer H\u00f6he<br>05:43 &#8211; Interview mit Fridolin Wicki: Beweggr\u00fcnde f\u00fcr das Projekt<\/p>\n\n\n\n<div class=\"wp-block-group\"><div class=\"wp-block-group__inner-container is-layout-flow wp-block-group-is-layout-flow\">\n<h2 class=\"wp-block-heading has-medium-font-size\"><strong>Auch zu sehen \u2026<\/strong><\/h2>\n\n\n\n<div class=\"wp-block-columns is-layout-flex wp-container-core-columns-is-layout-f5e77106 wp-block-columns-is-layout-flex\" style=\"padding-top:0px;padding-right:0px;padding-bottom:0px;padding-left:0px\">\n<div class=\"wp-block-column is-layout-flow wp-block-column-is-layout-flow\">\n<figure class=\"wp-block-image size-large\"><a href=\"https:\/\/swiss-height-system.heig-vd.ch\/?page_id=3078&amp;lang=de\"><img loading=\"lazy\" decoding=\"async\" width=\"1024\" height=\"576\" src=\"https:\/\/swiss-height-system.heig-vd.ch\/wp-content\/uploads\/2022\/06\/video2-de-miniature-1024x576.jpg\" alt=\"\" class=\"wp-image-3176\" srcset=\"https:\/\/swiss-height-system.heig-vd.ch\/wp-content\/uploads\/2022\/06\/video2-de-miniature-1024x576.jpg 1024w, https:\/\/swiss-height-system.heig-vd.ch\/wp-content\/uploads\/2022\/06\/video2-de-miniature-300x169.jpg 300w, https:\/\/swiss-height-system.heig-vd.ch\/wp-content\/uploads\/2022\/06\/video2-de-miniature-768x432.jpg 768w, https:\/\/swiss-height-system.heig-vd.ch\/wp-content\/uploads\/2022\/06\/video2-de-miniature-1536x864.jpg 1536w, https:\/\/swiss-height-system.heig-vd.ch\/wp-content\/uploads\/2022\/06\/video2-de-miniature.jpg 1920w\" sizes=\"auto, (max-width: 1024px) 100vw, 1024px\" \/><\/a><figcaption class=\"wp-element-caption\">Sensibilisierungsvideo 2: Definitionen von H\u00f6he<\/figcaption><\/figure>\n<\/div>\n\n\n\n<div class=\"wp-block-column is-layout-flow wp-block-column-is-layout-flow\">\n<figure class=\"wp-block-image\"><a href=\"https:\/\/swiss-height-system.heig-vd.ch\/?page_id=3118&amp;lang=de\"><img loading=\"lazy\" decoding=\"async\" width=\"682\" height=\"384\" src=\"https:\/\/swiss-height-system.heig-vd.ch\/wp-content\/uploads\/2022\/06\/video3-miniature.jpg\" alt=\"\" class=\"wp-image-3141\" srcset=\"https:\/\/swiss-height-system.heig-vd.ch\/wp-content\/uploads\/2022\/06\/video3-miniature.jpg 682w, https:\/\/swiss-height-system.heig-vd.ch\/wp-content\/uploads\/2022\/06\/video3-miniature-300x169.jpg 300w\" sizes=\"auto, (max-width: 682px) 100vw, 682px\" \/><\/a><figcaption class=\"wp-element-caption\">Vollst\u00e4ndige Interview mit Markus Rothacher: <br>H\u00f6henbestimmung und Zukunftsaussichten<\/figcaption><\/figure>\n<\/div>\n\n\n\n<div class=\"wp-block-column is-layout-flow wp-block-column-is-layout-flow\"><\/div>\n<\/div>\n<\/div><\/div>\n","protected":false},"excerpt":{"rendered":"<p>Sensibilisierungsvideo 1: Beweggr\u00fcnde f\u00fcr das Projekt swiss height system 00:00 &#8211; Einleitung00:45 &#8211; Interview mit Hanspeter Hodel: Gew\u00e4sserbewirtschaftung und H\u00f6he01:35 &#8211; Interview mit Andreas Schlatter: Urspr\u00fcge der H\u00f6he in der Schweiz03:20 &#8211; Interview mit Markus Rothacher: Bestimmung einer H\u00f6he05:43 &#8211; Interview mit Fridolin Wicki: Beweggr\u00fcnde f\u00fcr das Projekt Auch zu sehen \u2026<\/p>\n","protected":false},"author":1,"featured_media":0,"parent":0,"menu_order":0,"comment_status":"closed","ping_status":"closed","template":"","meta":{"_kadence_starter_templates_imported_post":false,"_kad_post_transparent":"","_kad_post_title":"","_kad_post_layout":"","_kad_post_sidebar_id":"","_kad_post_content_style":"","_kad_post_vertical_padding":"","_kad_post_feature":"","_kad_post_feature_position":"","_kad_post_header":false,"_kad_post_footer":false,"footnotes":""},"class_list":["post-3076","page","type-page","status-publish","hentry"],"_links":{"self":[{"href":"https:\/\/swiss-height-system.heig-vd.ch\/index.php?rest_route=\/wp\/v2\/pages\/3076","targetHints":{"allow":["GET"]}}],"collection":[{"href":"https:\/\/swiss-height-system.heig-vd.ch\/index.php?rest_route=\/wp\/v2\/pages"}],"about":[{"href":"https:\/\/swiss-height-system.heig-vd.ch\/index.php?rest_route=\/wp\/v2\/types\/page"}],"author":[{"embeddable":true,"href":"https:\/\/swiss-height-system.heig-vd.ch\/index.php?rest_route=\/wp\/v2\/users\/1"}],"replies":[{"embeddable":true,"href":"https:\/\/swiss-height-system.heig-vd.ch\/index.php?rest_route=%2Fwp%2Fv2%2Fcomments&post=3076"}],"version-history":[{"count":10,"href":"https:\/\/swiss-height-system.heig-vd.ch\/index.php?rest_route=\/wp\/v2\/pages\/3076\/revisions"}],"predecessor-version":[{"id":3527,"href":"https:\/\/swiss-height-system.heig-vd.ch\/index.php?rest_route=\/wp\/v2\/pages\/3076\/revisions\/3527"}],"wp:attachment":[{"href":"https:\/\/swiss-height-system.heig-vd.ch\/index.php?rest_route=%2Fwp%2Fv2%2Fmedia&parent=3076"}],"curies":[{"name":"wp","href":"https:\/\/api.w.org\/{rel}","templated":true}]}}

<figure class="wp-block-embed is-type-video is-provider-youtube wp-block-embed-youtube wp-embed-aspect-16-9 wp-has-aspect-ratio"><div class="wp-block-embed__wrapper">
<iframe loading="lazy" title="Sensibilisierungsvideo 1 : Beweggründe für das Projekt swiss height system" width="720" height="405" src="https://www.youtube.com/embed/SjZYeJqjW3o?feature=oembed" frameborder="0" allow="accelerometer; autoplay; clipboard-write; encrypted-media; gyroscope; picture-in-picture; web-share" allowfullscreen></iframe>
</div></figure>



<h2 class="wp-block-heading"><strong>Sensibilisierungsvideo 1: Beweggründe für das Projekt <em>swiss height system</em></strong></h2>



<p>00:00 &#8211; Einleitung<br>00:45 &#8211; Interview mit Hanspeter Hodel: Gewässerbewirtschaftung und Höhe<br>01:35 &#8211; Interview mit Andreas Schlatter: Ursprüge der Höhe in der Schweiz<br>03:20 &#8211; Interview mit Markus Rothacher: Bestimmung einer Höhe<br>05:43 &#8211; Interview mit Fridolin Wicki: Beweggründe für das Projekt</p>



<div class="wp-block-group"><div class="wp-block-group__inner-container is-layout-flow wp-block-group-is-layout-flow">
<h2 class="wp-block-heading has-medium-font-size"><strong>Auch zu sehen …</strong></h2>



<div class="wp-block-columns is-layout-flex wp-container-core-columns-is-layout-f5e77106 wp-block-columns-is-layout-flex" style="padding-top:0px;padding-right:0px;padding-bottom:0px;padding-left:0px">
<div class="wp-block-column is-layout-flow wp-block-column-is-layout-flow">
<figure class="wp-block-image size-large"><a href="https://swiss-height-system.heig-vd.ch/?page_id=3078&amp;lang=de"><img loading="lazy" decoding="async" width="1024" height="576" src="https://swiss-height-system.heig-vd.ch/wp-content/uploads/2022/06/video2-de-miniature-1024x576.jpg" alt="" class="wp-image-3176" srcset="https://swiss-height-system.heig-vd.ch/wp-content/uploads/2022/06/video2-de-miniature-1024x576.jpg 1024w, https://swiss-height-system.heig-vd.ch/wp-content/uploads/2022/06/video2-de-miniature-300x169.jpg 300w, https://swiss-height-system.heig-vd.ch/wp-content/uploads/2022/06/video2-de-miniature-768x432.jpg 768w, https://swiss-height-system.heig-vd.ch/wp-content/uploads/2022/06/video2-de-miniature-1536x864.jpg 1536w, https://swiss-height-system.heig-vd.ch/wp-content/uploads/2022/06/video2-de-miniature.jpg 1920w" sizes="auto, (max-width: 1024px) 100vw, 1024px" /></a><figcaption class="wp-element-caption">Sensibilisierungsvideo 2: Definitionen von Höhe</figcaption></figure>
</div>



<div class="wp-block-column is-layout-flow wp-block-column-is-layout-flow">
<figure class="wp-block-image"><a href="https://swiss-height-system.heig-vd.ch/?page_id=3118&amp;lang=de"><img loading="lazy" decoding="async" width="682" height="384" src="https://swiss-height-system.heig-vd.ch/wp-content/uploads/2022/06/video3-miniature.jpg" alt="" class="wp-image-3141" srcset="https://swiss-height-system.heig-vd.ch/wp-content/uploads/2022/06/video3-miniature.jpg 682w, https://swiss-height-system.heig-vd.ch/wp-content/uploads/2022/06/video3-miniature-300x169.jpg 300w" sizes="auto, (max-width: 682px) 100vw, 682px" /></a><figcaption class="wp-element-caption">Vollständige Interview mit Markus Rothacher: <br>Höhenbestimmung und Zukunftsaussichten</figcaption></figure>
</div>



<div class="wp-block-column is-layout-flow wp-block-column-is-layout-flow"></div>
</div>
</div></div>

<p>Sensibilisierungsvideo 1: Beweggründe für das Projekt swiss height system 00:00 &#8211; Einleitung00:45 &#8211; Interview mit Hanspeter Hodel: Gewässerbewirtschaftung und Höhe01:35 &#8211; Interview mit Andreas Schlatter: Ursprüge der Höhe in der Schweiz03:20 &#8211; Interview mit Markus Rothacher: Bestimmung einer Höhe05:43 &#8211; Interview mit Fridolin Wicki: Beweggründe für das Projekt Auch zu sehen …</p>
