{"id":3078,"date":"2024-06-04T14:58:30","date_gmt":"2024-06-04T12:58:30","guid":{"rendered":"https:\/\/swiss-height-system.heig-vd.ch\/?page_id=3078"},"modified":"2024-07-11T05:20:58","modified_gmt":"2024-07-11T03:20:58","slug":"video2-de","status":"publish","type":"page","link":"https:\/\/swiss-height-system.heig-vd.ch\/?page_id=3078&lang=de","title":{"rendered":"Video 2"},"content":{"rendered":"\n<figure class=\"wp-block-embed is-type-video is-provider-youtube wp-block-embed-youtube wp-embed-aspect-16-9 wp-has-aspect-ratio\"><div class=\"wp-block-embed__wrapper\">\n<iframe loading=\"lazy\" title=\"Sensibilisierungsvideo 2 : Definitionen von H\u00f6he\" width=\"720\" height=\"405\" src=\"https:\/\/www.youtube.com\/embed\/0QGOMRUSe90?feature=oembed\" frameborder=\"0\" allow=\"accelerometer; autoplay; clipboard-write; encrypted-media; gyroscope; picture-in-picture; web-share\" allowfullscreen><\/iframe>\n<\/div><\/figure>\n\n\n\n<h2 class=\"wp-block-heading\"><strong>Sensibilisierungsvideo 2: Definitionen von H\u00f6he<\/strong><\/h2>\n\n\n\n<p>00:00 &#8211; Einleitung<br>00:33 &#8211; Definitionen in Zusammenhang mit dem Begriff der H\u00f6he<br>04:12 &#8211; Die Anomalie<br>07:56 &#8211; Die Geoidundulation<br>08:23 &#8211; Die g\u00e4ngigen Messmethoden<br>11:36 &#8211; Zusammenfassung<\/p>\n\n\n\n<h2 class=\"wp-block-heading has-medium-font-size\"><strong>Auch zu sehen \u2026<\/strong><\/h2>\n\n\n\n<div class=\"wp-block-columns is-layout-flex wp-container-core-columns-is-layout-f5e77106 wp-block-columns-is-layout-flex\" style=\"padding-top:0px;padding-right:0px;padding-bottom:0px;padding-left:0px\">\n<div class=\"wp-block-column is-layout-flow wp-block-column-is-layout-flow\">\n<figure class=\"wp-block-image size-full\"><a href=\"https:\/\/swiss-height-system.heig-vd.ch\/?page_id=3076&amp;lang=de\"><img loading=\"lazy\" decoding=\"async\" width=\"682\" height=\"384\" src=\"https:\/\/swiss-height-system.heig-vd.ch\/wp-content\/uploads\/2022\/06\/video1-miniature.jpg\" alt=\"\" class=\"wp-image-3170\" srcset=\"https:\/\/swiss-height-system.heig-vd.ch\/wp-content\/uploads\/2022\/06\/video1-miniature.jpg 682w, https:\/\/swiss-height-system.heig-vd.ch\/wp-content\/uploads\/2022\/06\/video1-miniature-300x169.jpg 300w\" sizes=\"auto, (max-width: 682px) 100vw, 682px\" \/><\/a><figcaption class=\"wp-element-caption\">Sensibilisierungsvideo 1: <br>Beweggr\u00fcnde f\u00fcr das Projekt <em>swiss height system<\/em><\/figcaption><\/figure>\n<\/div>\n\n\n\n<div class=\"wp-block-column is-layout-flow wp-block-column-is-layout-flow\">\n<figure class=\"wp-block-image\"><a href=\"https:\/\/swiss-height-system.heig-vd.ch\/?page_id=3118&amp;lang=de\"><img loading=\"lazy\" decoding=\"async\" width=\"682\" height=\"384\" src=\"https:\/\/swiss-height-system.heig-vd.ch\/wp-content\/uploads\/2022\/06\/video3-miniature.jpg\" alt=\"\" class=\"wp-image-3141\" srcset=\"https:\/\/swiss-height-system.heig-vd.ch\/wp-content\/uploads\/2022\/06\/video3-miniature.jpg 682w, https:\/\/swiss-height-system.heig-vd.ch\/wp-content\/uploads\/2022\/06\/video3-miniature-300x169.jpg 300w\" sizes=\"auto, (max-width: 682px) 100vw, 682px\" \/><\/a><figcaption class=\"wp-element-caption\">Das vollst\u00e4ndige Interview mit Markus Rothacher: H\u00f6henbestimmung und Zukunftsaussichten<\/figcaption><\/figure>\n<\/div>\n\n\n\n<div class=\"wp-block-column is-layout-flow wp-block-column-is-layout-flow\"><\/div>\n<\/div>\n","protected":false},"excerpt":{"rendered":"<p>Sensibilisierungsvideo 2: Definitionen von H\u00f6he 00:00 &#8211; Einleitung00:33 &#8211; Definitionen in Zusammenhang mit dem Begriff der H\u00f6he04:12 &#8211; Die Anomalie07:56 &#8211; Die Geoidundulation08:23 &#8211; Die g\u00e4ngigen Messmethoden11:36 &#8211; Zusammenfassung Auch zu sehen \u2026<\/p>\n","protected":false},"author":1,"featured_media":0,"parent":0,"menu_order":0,"comment_status":"closed","ping_status":"closed","template":"","meta":{"_kadence_starter_templates_imported_post":false,"_kad_post_transparent":"","_kad_post_title":"","_kad_post_layout":"","_kad_post_sidebar_id":"","_kad_post_content_style":"","_kad_post_vertical_padding":"","_kad_post_feature":"","_kad_post_feature_position":"","_kad_post_header":false,"_kad_post_footer":false,"footnotes":""},"class_list":["post-3078","page","type-page","status-publish","hentry"],"_links":{"self":[{"href":"https:\/\/swiss-height-system.heig-vd.ch\/index.php?rest_route=\/wp\/v2\/pages\/3078","targetHints":{"allow":["GET"]}}],"collection":[{"href":"https:\/\/swiss-height-system.heig-vd.ch\/index.php?rest_route=\/wp\/v2\/pages"}],"about":[{"href":"https:\/\/swiss-height-system.heig-vd.ch\/index.php?rest_route=\/wp\/v2\/types\/page"}],"author":[{"embeddable":true,"href":"https:\/\/swiss-height-system.heig-vd.ch\/index.php?rest_route=\/wp\/v2\/users\/1"}],"replies":[{"embeddable":true,"href":"https:\/\/swiss-height-system.heig-vd.ch\/index.php?rest_route=%2Fwp%2Fv2%2Fcomments&post=3078"}],"version-history":[{"count":9,"href":"https:\/\/swiss-height-system.heig-vd.ch\/index.php?rest_route=\/wp\/v2\/pages\/3078\/revisions"}],"predecessor-version":[{"id":3609,"href":"https:\/\/swiss-height-system.heig-vd.ch\/index.php?rest_route=\/wp\/v2\/pages\/3078\/revisions\/3609"}],"wp:attachment":[{"href":"https:\/\/swiss-height-system.heig-vd.ch\/index.php?rest_route=%2Fwp%2Fv2%2Fmedia&parent=3078"}],"curies":[{"name":"wp","href":"https:\/\/api.w.org\/{rel}","templated":true}]}}

<figure class="wp-block-embed is-type-video is-provider-youtube wp-block-embed-youtube wp-embed-aspect-16-9 wp-has-aspect-ratio"><div class="wp-block-embed__wrapper">
<iframe loading="lazy" title="Sensibilisierungsvideo 2 : Definitionen von Höhe" width="720" height="405" src="https://www.youtube.com/embed/0QGOMRUSe90?feature=oembed" frameborder="0" allow="accelerometer; autoplay; clipboard-write; encrypted-media; gyroscope; picture-in-picture; web-share" allowfullscreen></iframe>
</div></figure>



<h2 class="wp-block-heading"><strong>Sensibilisierungsvideo 2: Definitionen von Höhe</strong></h2>



<p>00:00 &#8211; Einleitung<br>00:33 &#8211; Definitionen in Zusammenhang mit dem Begriff der Höhe<br>04:12 &#8211; Die Anomalie<br>07:56 &#8211; Die Geoidundulation<br>08:23 &#8211; Die gängigen Messmethoden<br>11:36 &#8211; Zusammenfassung</p>



<h2 class="wp-block-heading has-medium-font-size"><strong>Auch zu sehen …</strong></h2>



<div class="wp-block-columns is-layout-flex wp-container-core-columns-is-layout-f5e77106 wp-block-columns-is-layout-flex" style="padding-top:0px;padding-right:0px;padding-bottom:0px;padding-left:0px">
<div class="wp-block-column is-layout-flow wp-block-column-is-layout-flow">
<figure class="wp-block-image size-full"><a href="https://swiss-height-system.heig-vd.ch/?page_id=3076&amp;lang=de"><img loading="lazy" decoding="async" width="682" height="384" src="https://swiss-height-system.heig-vd.ch/wp-content/uploads/2022/06/video1-miniature.jpg" alt="" class="wp-image-3170" srcset="https://swiss-height-system.heig-vd.ch/wp-content/uploads/2022/06/video1-miniature.jpg 682w, https://swiss-height-system.heig-vd.ch/wp-content/uploads/2022/06/video1-miniature-300x169.jpg 300w" sizes="auto, (max-width: 682px) 100vw, 682px" /></a><figcaption class="wp-element-caption">Sensibilisierungsvideo 1: <br>Beweggründe für das Projekt <em>swiss height system</em></figcaption></figure>
</div>



<div class="wp-block-column is-layout-flow wp-block-column-is-layout-flow">
<figure class="wp-block-image"><a href="https://swiss-height-system.heig-vd.ch/?page_id=3118&amp;lang=de"><img loading="lazy" decoding="async" width="682" height="384" src="https://swiss-height-system.heig-vd.ch/wp-content/uploads/2022/06/video3-miniature.jpg" alt="" class="wp-image-3141" srcset="https://swiss-height-system.heig-vd.ch/wp-content/uploads/2022/06/video3-miniature.jpg 682w, https://swiss-height-system.heig-vd.ch/wp-content/uploads/2022/06/video3-miniature-300x169.jpg 300w" sizes="auto, (max-width: 682px) 100vw, 682px" /></a><figcaption class="wp-element-caption">Das vollständige Interview mit Markus Rothacher: Höhenbestimmung und Zukunftsaussichten</figcaption></figure>
</div>



<div class="wp-block-column is-layout-flow wp-block-column-is-layout-flow"></div>
</div>

<p>Sensibilisierungsvideo 2: Definitionen von Höhe 00:00 &#8211; Einleitung00:33 &#8211; Definitionen in Zusammenhang mit dem Begriff der Höhe04:12 &#8211; Die Anomalie07:56 &#8211; Die Geoidundulation08:23 &#8211; Die gängigen Messmethoden11:36 &#8211; Zusammenfassung Auch zu sehen …</p>
