{"id":3124,"date":"2022-06-27T13:43:58","date_gmt":"2022-06-27T11:43:58","guid":{"rendered":"https:\/\/swiss-height-system.heig-vd.ch\/?page_id=3124"},"modified":"2024-07-11T05:20:18","modified_gmt":"2024-07-11T03:20:18","slug":"video3-fr","status":"publish","type":"page","link":"https:\/\/swiss-height-system.heig-vd.ch\/?page_id=3124","title":{"rendered":"Interview"},"content":{"rendered":"\n<figure class=\"wp-block-video\"><video controls src=\"https:\/\/swiss-height-system.heig-vd.ch\/wp-content\/uploads\/2022\/06\/video3-FR.mp4\"><\/video><\/figure>\n\n\n\n<h2 class=\"wp-block-heading\"><strong>L&rsquo;interview complet de Markus Rothacher : D\u00e9termination des altitudes et perspectives<\/strong><\/h2>\n\n\n\n<p>00:00 &#8211; M\u00e9thode traditionnelle pour d\u00e9terminer des altitudes<br>01:35 &#8211; M\u00e9thodes modernes actuelles pour d\u00e9terminer des altitudes<br>02:35 &#8211; Tendances \u00e0 l&rsquo;avenir pour la d\u00e9termination des altitudes<br>05:00 &#8211; Perspectives d&rsquo;avenir dans le positionnement GNSS des smartphones<br>07:30 &#8211; Position des g\u00e9ants num\u00e9riques par rapport au syst\u00e8me de r\u00e9f\u00e9rence altim\u00e9trique<br>07:55 &#8211; Uniformisation des syst\u00e8mes altim\u00e9triques dans la communaut\u00e9 scientifique<\/p>\n\n\n\n<h2 class=\"wp-block-heading has-medium-font-size\"><strong>A voir \u00e9galement \u2026<\/strong><\/h2>\n\n\n\n<div class=\"wp-block-columns is-layout-flex wp-container-core-columns-is-layout-f5e77106 wp-block-columns-is-layout-flex\" style=\"padding-top:0px;padding-right:0px;padding-bottom:0px;padding-left:0px\">\n<div class=\"wp-block-column is-layout-flow wp-block-column-is-layout-flow\">\n<figure class=\"wp-block-image size-full\"><a href=\"https:\/\/swiss-height-system.heig-vd.ch\/?page_id=3071\"><img loading=\"lazy\" decoding=\"async\" width=\"682\" height=\"384\" src=\"https:\/\/swiss-height-system.heig-vd.ch\/wp-content\/uploads\/2022\/06\/video1-miniature.jpg\" alt=\"\" class=\"wp-image-3170\" srcset=\"https:\/\/swiss-height-system.heig-vd.ch\/wp-content\/uploads\/2022\/06\/video1-miniature.jpg 682w, https:\/\/swiss-height-system.heig-vd.ch\/wp-content\/uploads\/2022\/06\/video1-miniature-300x169.jpg 300w\" sizes=\"auto, (max-width: 682px) 100vw, 682px\" \/><\/a><figcaption class=\"wp-element-caption\">Vid\u00e9o 1 de sensibilisation : <br>Motivations du projet swiss height system<\/figcaption><\/figure>\n<\/div>\n\n\n\n<div class=\"wp-block-column is-layout-flow wp-block-column-is-layout-flow\">\n<figure class=\"wp-block-image size-large\"><a href=\"https:\/\/swiss-height-system.heig-vd.ch\/?page_id=3074\"><img loading=\"lazy\" decoding=\"async\" width=\"1024\" height=\"576\" src=\"https:\/\/swiss-height-system.heig-vd.ch\/wp-content\/uploads\/2022\/06\/video2-fr-miniature-1024x576.jpg\" alt=\"\" class=\"wp-image-3130\" srcset=\"https:\/\/swiss-height-system.heig-vd.ch\/wp-content\/uploads\/2022\/06\/video2-fr-miniature-1024x576.jpg 1024w, https:\/\/swiss-height-system.heig-vd.ch\/wp-content\/uploads\/2022\/06\/video2-fr-miniature-300x169.jpg 300w, https:\/\/swiss-height-system.heig-vd.ch\/wp-content\/uploads\/2022\/06\/video2-fr-miniature-768x432.jpg 768w, https:\/\/swiss-height-system.heig-vd.ch\/wp-content\/uploads\/2022\/06\/video2-fr-miniature-1536x864.jpg 1536w, https:\/\/swiss-height-system.heig-vd.ch\/wp-content\/uploads\/2022\/06\/video2-fr-miniature.jpg 1920w\" sizes=\"auto, (max-width: 1024px) 100vw, 1024px\" \/><\/a><figcaption class=\"wp-element-caption\">Vid\u00e9o 2 de sensibilisation : D\u00e9finitions de l&rsquo;altitude<\/figcaption><\/figure>\n<\/div>\n\n\n\n<div class=\"wp-block-column is-layout-flow wp-block-column-is-layout-flow\"><\/div>\n<\/div>\n","protected":false},"excerpt":{"rendered":"<p>L&rsquo;interview complet de Markus Rothacher : D\u00e9termination des altitudes et perspectives 00:00 &#8211; M\u00e9thode traditionnelle pour d\u00e9terminer des altitudes01:35 &#8211; M\u00e9thodes modernes actuelles pour d\u00e9terminer des altitudes02:35 &#8211; Tendances \u00e0 l&rsquo;avenir pour la d\u00e9termination des altitudes05:00 &#8211; Perspectives d&rsquo;avenir dans le positionnement GNSS des smartphones07:30 &#8211; Position des g\u00e9ants num\u00e9riques par rapport au syst\u00e8me de&#8230;<\/p>\n","protected":false},"author":1,"featured_media":0,"parent":0,"menu_order":0,"comment_status":"closed","ping_status":"closed","template":"","meta":{"_kadence_starter_templates_imported_post":false,"_kad_post_transparent":"","_kad_post_title":"","_kad_post_layout":"","_kad_post_sidebar_id":"","_kad_post_content_style":"","_kad_post_vertical_padding":"","_kad_post_feature":"","_kad_post_feature_position":"","_kad_post_header":false,"_kad_post_footer":false,"footnotes":""},"class_list":["post-3124","page","type-page","status-publish","hentry"],"_links":{"self":[{"href":"https:\/\/swiss-height-system.heig-vd.ch\/index.php?rest_route=\/wp\/v2\/pages\/3124","targetHints":{"allow":["GET"]}}],"collection":[{"href":"https:\/\/swiss-height-system.heig-vd.ch\/index.php?rest_route=\/wp\/v2\/pages"}],"about":[{"href":"https:\/\/swiss-height-system.heig-vd.ch\/index.php?rest_route=\/wp\/v2\/types\/page"}],"author":[{"embeddable":true,"href":"https:\/\/swiss-height-system.heig-vd.ch\/index.php?rest_route=\/wp\/v2\/users\/1"}],"replies":[{"embeddable":true,"href":"https:\/\/swiss-height-system.heig-vd.ch\/index.php?rest_route=%2Fwp%2Fv2%2Fcomments&post=3124"}],"version-history":[{"count":8,"href":"https:\/\/swiss-height-system.heig-vd.ch\/index.php?rest_route=\/wp\/v2\/pages\/3124\/revisions"}],"predecessor-version":[{"id":3607,"href":"https:\/\/swiss-height-system.heig-vd.ch\/index.php?rest_route=\/wp\/v2\/pages\/3124\/revisions\/3607"}],"wp:attachment":[{"href":"https:\/\/swiss-height-system.heig-vd.ch\/index.php?rest_route=%2Fwp%2Fv2%2Fmedia&parent=3124"}],"curies":[{"name":"wp","href":"https:\/\/api.w.org\/{rel}","templated":true}]}}

<figure class="wp-block-video"><video controls src="https://swiss-height-system.heig-vd.ch/wp-content/uploads/2022/06/video3-FR.mp4"></video></figure>



<h2 class="wp-block-heading"><strong>L&rsquo;interview complet de Markus Rothacher : Détermination des altitudes et perspectives</strong></h2>



<p>00:00 &#8211; Méthode traditionnelle pour déterminer des altitudes<br>01:35 &#8211; Méthodes modernes actuelles pour déterminer des altitudes<br>02:35 &#8211; Tendances à l&rsquo;avenir pour la détermination des altitudes<br>05:00 &#8211; Perspectives d&rsquo;avenir dans le positionnement GNSS des smartphones<br>07:30 &#8211; Position des géants numériques par rapport au système de référence altimétrique<br>07:55 &#8211; Uniformisation des systèmes altimétriques dans la communauté scientifique</p>



<h2 class="wp-block-heading has-medium-font-size"><strong>A voir également …</strong></h2>



<div class="wp-block-columns is-layout-flex wp-container-core-columns-is-layout-f5e77106 wp-block-columns-is-layout-flex" style="padding-top:0px;padding-right:0px;padding-bottom:0px;padding-left:0px">
<div class="wp-block-column is-layout-flow wp-block-column-is-layout-flow">
<figure class="wp-block-image size-full"><a href="https://swiss-height-system.heig-vd.ch/?page_id=3071"><img loading="lazy" decoding="async" width="682" height="384" src="https://swiss-height-system.heig-vd.ch/wp-content/uploads/2022/06/video1-miniature.jpg" alt="" class="wp-image-3170" srcset="https://swiss-height-system.heig-vd.ch/wp-content/uploads/2022/06/video1-miniature.jpg 682w, https://swiss-height-system.heig-vd.ch/wp-content/uploads/2022/06/video1-miniature-300x169.jpg 300w" sizes="auto, (max-width: 682px) 100vw, 682px" /></a><figcaption class="wp-element-caption">Vidéo 1 de sensibilisation : <br>Motivations du projet swiss height system</figcaption></figure>
</div>



<div class="wp-block-column is-layout-flow wp-block-column-is-layout-flow">
<figure class="wp-block-image size-large"><a href="https://swiss-height-system.heig-vd.ch/?page_id=3074"><img loading="lazy" decoding="async" width="1024" height="576" src="https://swiss-height-system.heig-vd.ch/wp-content/uploads/2022/06/video2-fr-miniature-1024x576.jpg" alt="" class="wp-image-3130" srcset="https://swiss-height-system.heig-vd.ch/wp-content/uploads/2022/06/video2-fr-miniature-1024x576.jpg 1024w, https://swiss-height-system.heig-vd.ch/wp-content/uploads/2022/06/video2-fr-miniature-300x169.jpg 300w, https://swiss-height-system.heig-vd.ch/wp-content/uploads/2022/06/video2-fr-miniature-768x432.jpg 768w, https://swiss-height-system.heig-vd.ch/wp-content/uploads/2022/06/video2-fr-miniature-1536x864.jpg 1536w, https://swiss-height-system.heig-vd.ch/wp-content/uploads/2022/06/video2-fr-miniature.jpg 1920w" sizes="auto, (max-width: 1024px) 100vw, 1024px" /></a><figcaption class="wp-element-caption">Vidéo 2 de sensibilisation : Définitions de l&rsquo;altitude</figcaption></figure>
</div>



<div class="wp-block-column is-layout-flow wp-block-column-is-layout-flow"></div>
</div>

<p>L&rsquo;interview complet de Markus Rothacher : Détermination des altitudes et perspectives 00:00 &#8211; Méthode traditionnelle pour déterminer des altitudes01:35 &#8211; Méthodes modernes actuelles pour déterminer des altitudes02:35 &#8211; Tendances à l&rsquo;avenir pour la détermination des altitudes05:00 &#8211; Perspectives d&rsquo;avenir dans le positionnement GNSS des smartphones07:30 &#8211; Position des géants numériques par rapport au système de&#8230;</p>
