{"id":3628,"date":"2024-07-29T13:44:02","date_gmt":"2024-07-29T11:44:02","guid":{"rendered":"https:\/\/swiss-height-system.heig-vd.ch\/?page_id=3628"},"modified":"2024-07-29T13:58:43","modified_gmt":"2024-07-29T11:58:43","slug":"video","status":"publish","type":"page","link":"https:\/\/swiss-height-system.heig-vd.ch\/?page_id=3628&lang=de","title":{"rendered":"Videos"},"content":{"rendered":"\n<h2 class=\"wp-block-heading\">Sehen Sie sich unsere Videos \u00fcber das neue H\u00f6hensystem f\u00fcr die Schweiz an<\/h2>\n\n\n\n<p>Willkommen auf unserer Seite, die den Videos zur Sensibilisierung und Erkl\u00e4rung des neuen H\u00f6hensystems f\u00fcr die Schweiz gewidmet ist. Unsere Videos sollen Ihnen ein klares und tiefgehendes Verst\u00e4ndnis der H\u00f6hen, ihrer Definitionen und der damit verbundenen aktuellen Herausforderungen und Probleme vermitteln. Mithilfe dieser Videos laden wir Sie ein, die verschiedenen Aspekte dieses ehrgeizigen Projekts zu erkunden, das eine umfassende Kommunikation und eine breite Beteiligung erfordert.<\/p>\n\n\n\n<div class=\"wp-block-media-text is-stacked-on-mobile\" style=\"grid-template-columns:20% auto\"><figure class=\"wp-block-media-text__media\"><a href=\"https:\/\/swiss-height-system.heig-vd.ch\/?page_id=3076&amp;lang=de\"><img loading=\"lazy\" decoding=\"async\" width=\"480\" height=\"270\" src=\"https:\/\/swiss-height-system.heig-vd.ch\/wp-content\/uploads\/2023\/03\/fromvideo1_theo.gif\" alt=\"\" class=\"wp-image-3380 size-full\"\/><\/a><\/figure><div class=\"wp-block-media-text__content\">\n<p class=\"has-medium-font-size\">Video 1 : Beweggr\u00fcnde f\u00fcr das Projekt\u00a0<em>swiss height system<\/em><\/p>\n<\/div><\/div>\n\n\n\n<div class=\"wp-block-media-text is-stacked-on-mobile\" style=\"grid-template-columns:20% auto\"><figure class=\"wp-block-media-text__media\"><a href=\"https:\/\/swiss-height-system.heig-vd.ch\/?page_id=3078&amp;lang=de\"><img loading=\"lazy\" decoding=\"async\" width=\"415\" height=\"287\" src=\"https:\/\/swiss-height-system.heig-vd.ch\/wp-content\/uploads\/2023\/03\/altitudes_TerreAno.gif\" alt=\"\" class=\"wp-image-3378 size-full\"\/><\/a><\/figure><div class=\"wp-block-media-text__content\">\n<p class=\"has-medium-font-size\">Video 2 : Definitionen von H\u00f6he<\/p>\n<\/div><\/div>\n\n\n\n<div class=\"wp-block-media-text is-stacked-on-mobile\" style=\"grid-template-columns:20% auto\"><figure class=\"wp-block-media-text__media\"><a href=\"https:\/\/swiss-height-system.heig-vd.ch\/?page_id=3592&amp;lang=de\"><img loading=\"lazy\" decoding=\"async\" width=\"384\" height=\"216\" src=\"https:\/\/swiss-height-system.heig-vd.ch\/wp-content\/uploads\/2024\/07\/output_video2_resize_factor_0-2.gif\" alt=\"\" class=\"wp-image-3615 size-full\"\/><\/a><\/figure><div class=\"wp-block-media-text__content\">\n<p class=\"has-medium-font-size\">Video 3 : Kompatibilit\u00e4t von Bezugssystemen<\/p>\n<\/div><\/div>\n\n\n\n<div class=\"wp-block-media-text is-stacked-on-mobile\" style=\"grid-template-columns:20% auto\"><figure class=\"wp-block-media-text__media\"><a href=\"https:\/\/swiss-height-system.heig-vd.ch\/?page_id=3118&amp;lang=de\"><img loading=\"lazy\" decoding=\"async\" width=\"682\" height=\"384\" src=\"https:\/\/swiss-height-system.heig-vd.ch\/wp-content\/uploads\/2022\/06\/video3-miniature.jpg\" alt=\"\" class=\"wp-image-3141 size-full\" srcset=\"https:\/\/swiss-height-system.heig-vd.ch\/wp-content\/uploads\/2022\/06\/video3-miniature.jpg 682w, https:\/\/swiss-height-system.heig-vd.ch\/wp-content\/uploads\/2022\/06\/video3-miniature-300x169.jpg 300w\" sizes=\"auto, (max-width: 682px) 100vw, 682px\" \/><\/a><\/figure><div class=\"wp-block-media-text__content\">\n<p class=\"has-medium-font-size\">Vollst\u00e4ndige Interview mit Markus Rothacher:<br>H\u00f6henbestimmung und Zukunftsaussichten<\/p>\n<\/div><\/div>\n\n\n\n<p><\/p>\n","protected":false},"excerpt":{"rendered":"<p>Sehen Sie sich unsere Videos \u00fcber das neue H\u00f6hensystem f\u00fcr die Schweiz an Willkommen auf unserer Seite, die den Videos zur Sensibilisierung und Erkl\u00e4rung des neuen H\u00f6hensystems f\u00fcr die Schweiz gewidmet ist. Unsere Videos sollen Ihnen ein klares und tiefgehendes Verst\u00e4ndnis der H\u00f6hen, ihrer Definitionen und der damit verbundenen aktuellen Herausforderungen und Probleme vermitteln. Mithilfe&#8230;<\/p>\n","protected":false},"author":1,"featured_media":0,"parent":0,"menu_order":0,"comment_status":"closed","ping_status":"closed","template":"","meta":{"_kadence_starter_templates_imported_post":false,"_kad_post_transparent":"","_kad_post_title":"","_kad_post_layout":"","_kad_post_sidebar_id":"","_kad_post_content_style":"","_kad_post_vertical_padding":"","_kad_post_feature":"","_kad_post_feature_position":"","_kad_post_header":false,"_kad_post_footer":false,"footnotes":""},"class_list":["post-3628","page","type-page","status-publish","hentry"],"_links":{"self":[{"href":"https:\/\/swiss-height-system.heig-vd.ch\/index.php?rest_route=\/wp\/v2\/pages\/3628","targetHints":{"allow":["GET"]}}],"collection":[{"href":"https:\/\/swiss-height-system.heig-vd.ch\/index.php?rest_route=\/wp\/v2\/pages"}],"about":[{"href":"https:\/\/swiss-height-system.heig-vd.ch\/index.php?rest_route=\/wp\/v2\/types\/page"}],"author":[{"embeddable":true,"href":"https:\/\/swiss-height-system.heig-vd.ch\/index.php?rest_route=\/wp\/v2\/users\/1"}],"replies":[{"embeddable":true,"href":"https:\/\/swiss-height-system.heig-vd.ch\/index.php?rest_route=%2Fwp%2Fv2%2Fcomments&post=3628"}],"version-history":[{"count":5,"href":"https:\/\/swiss-height-system.heig-vd.ch\/index.php?rest_route=\/wp\/v2\/pages\/3628\/revisions"}],"predecessor-version":[{"id":3643,"href":"https:\/\/swiss-height-system.heig-vd.ch\/index.php?rest_route=\/wp\/v2\/pages\/3628\/revisions\/3643"}],"wp:attachment":[{"href":"https:\/\/swiss-height-system.heig-vd.ch\/index.php?rest_route=%2Fwp%2Fv2%2Fmedia&parent=3628"}],"curies":[{"name":"wp","href":"https:\/\/api.w.org\/{rel}","templated":true}]}}

<h2 class="wp-block-heading">Sehen Sie sich unsere Videos über das neue Höhensystem für die Schweiz an</h2>



<p>Willkommen auf unserer Seite, die den Videos zur Sensibilisierung und Erklärung des neuen Höhensystems für die Schweiz gewidmet ist. Unsere Videos sollen Ihnen ein klares und tiefgehendes Verständnis der Höhen, ihrer Definitionen und der damit verbundenen aktuellen Herausforderungen und Probleme vermitteln. Mithilfe dieser Videos laden wir Sie ein, die verschiedenen Aspekte dieses ehrgeizigen Projekts zu erkunden, das eine umfassende Kommunikation und eine breite Beteiligung erfordert.</p>



<div class="wp-block-media-text is-stacked-on-mobile" style="grid-template-columns:20% auto"><figure class="wp-block-media-text__media"><a href="https://swiss-height-system.heig-vd.ch/?page_id=3076&amp;lang=de"><img loading="lazy" decoding="async" width="480" height="270" src="https://swiss-height-system.heig-vd.ch/wp-content/uploads/2023/03/fromvideo1_theo.gif" alt="" class="wp-image-3380 size-full"/></a></figure><div class="wp-block-media-text__content">
<p class="has-medium-font-size">Video 1 : Beweggründe für das Projekt <em>swiss height system</em></p>
</div></div>



<div class="wp-block-media-text is-stacked-on-mobile" style="grid-template-columns:20% auto"><figure class="wp-block-media-text__media"><a href="https://swiss-height-system.heig-vd.ch/?page_id=3078&amp;lang=de"><img loading="lazy" decoding="async" width="415" height="287" src="https://swiss-height-system.heig-vd.ch/wp-content/uploads/2023/03/altitudes_TerreAno.gif" alt="" class="wp-image-3378 size-full"/></a></figure><div class="wp-block-media-text__content">
<p class="has-medium-font-size">Video 2 : Definitionen von Höhe</p>
</div></div>



<div class="wp-block-media-text is-stacked-on-mobile" style="grid-template-columns:20% auto"><figure class="wp-block-media-text__media"><a href="https://swiss-height-system.heig-vd.ch/?page_id=3592&amp;lang=de"><img loading="lazy" decoding="async" width="384" height="216" src="https://swiss-height-system.heig-vd.ch/wp-content/uploads/2024/07/output_video2_resize_factor_0-2.gif" alt="" class="wp-image-3615 size-full"/></a></figure><div class="wp-block-media-text__content">
<p class="has-medium-font-size">Video 3 : Kompatibilität von Bezugssystemen</p>
</div></div>



<div class="wp-block-media-text is-stacked-on-mobile" style="grid-template-columns:20% auto"><figure class="wp-block-media-text__media"><a href="https://swiss-height-system.heig-vd.ch/?page_id=3118&amp;lang=de"><img loading="lazy" decoding="async" width="682" height="384" src="https://swiss-height-system.heig-vd.ch/wp-content/uploads/2022/06/video3-miniature.jpg" alt="" class="wp-image-3141 size-full" srcset="https://swiss-height-system.heig-vd.ch/wp-content/uploads/2022/06/video3-miniature.jpg 682w, https://swiss-height-system.heig-vd.ch/wp-content/uploads/2022/06/video3-miniature-300x169.jpg 300w" sizes="auto, (max-width: 682px) 100vw, 682px" /></a></figure><div class="wp-block-media-text__content">
<p class="has-medium-font-size">Vollständige Interview mit Markus Rothacher:<br>Höhenbestimmung und Zukunftsaussichten</p>
</div></div>



<p></p>

<p>Sehen Sie sich unsere Videos über das neue Höhensystem für die Schweiz an Willkommen auf unserer Seite, die den Videos zur Sensibilisierung und Erklärung des neuen Höhensystems für die Schweiz gewidmet ist. Unsere Videos sollen Ihnen ein klares und tiefgehendes Verständnis der Höhen, ihrer Definitionen und der damit verbundenen aktuellen Herausforderungen und Probleme vermitteln. Mithilfe&#8230;</p>
